42 divide 8696?
False
Is 12 a factor of 8628?
True
Is 1812 a multiple of 10?
False
Does 20 divide 33360?
True
Does 49 divide 2470?
False
Does 6 divide 35?
False
Does 23 divide 7061?
True
Does 6 divide 4618?
False
Is 5 a factor of 449?
False
Does 92 divide 709?
False
Is 380 a multiple of 19?
True
Is 486 a multiple of 54?
True
Is 169 a multiple of 4?
False
Is 22660 a multiple of 10?
True
Is 75 a factor of 4650?
True
Does 18 divide 1674?
True
Is 14 a factor of 58?
False
Is 55 a multiple of 14?
False
Is 30 a factor of 103706?
False
Is 2 a factor of 16047?
False
Is 6 a factor of 195?
False
Does 128 divide 109115?
False
Does 15 divide 2396?
False
Is 48 a factor of 20112?
True
Does 32 divide 352?
True
Is 1012 a multiple of 46?
True
Is 100 a multiple of 25?
True
Is 9381 a multiple of 159?
True
Is 199 a multiple of 19?
False
Is 5194 a multiple of 26?
False
Is 20 a factor of 524?
False
Does 29 divide 6612?
True
Does 22 divide 6833?
False
Is 27 a factor of 178?
False
Is 29 a factor of 147?
False
Is 227 a multiple of 2?
False
Is 392 a multiple of 28?
True
Does 16 divide 805?
False
Is 21 a factor of 17199?
True
Is 433 a multiple of 33?
False
Is 16380 a multiple of 90?
True
Does 19 divide 180?
False
Is 6 a factor of 23442?
True
Does 7 divide 9209?
False
Does 2 divide 889?
False
Is 4488 a multiple of 16?
False
Does 40 divide 10714?
False
Does 18 divide 666?
True
Does 5 divide 313?
False
Does 25 divide 1337?
False
Does 65 divide 2359?
False
Is 64044 a multiple of 31?
False
Is 6 a factor of 362?
False
Does 39 divide 5577?
True
Is 7 a factor of 49?
True
Is 40 a factor of 59885?
False
Does 64 divide 1749?
False
Does 41 divide 533?
True
Is 670 a multiple of 18?
False
Is 70 a multiple of 2?
True
Is 11580 a multiple of 15?
True
Is 12 a factor of 1529?
False
Is 100 a multiple of 20?
True
Does 70 divide 630?
True
Is 4500 a multiple of 25?
True
Does 34 divide 3315?
False
Is 59992 a multiple of 47?
False
Is 1040 a multiple of 116?
False
Does 67 divide 1945?
False
Does 284 divide 33860?
False
Does 19 divide 9196?
True
Does 8 divide 5637?
False
Is 1480 a multiple of 10?
True
Is 153 a factor of 6545?
False
Is 18639 a multiple of 18?
False
Does 8 divide 688?
True
Is 8 a factor of 144?
True
Is 40 a factor of 4000?
True
Does 5 divide 20885?
True
Is 659 a multiple of 8?
False
Does 40 divide 214?
False
Does 45 divide 3027?
False
Is 23 a factor of 9246?
True
Is 24057 a multiple of 11?
True
Is 8 a factor of 42176?
True
Does 8 divide 483?
False
Is 708 a multiple of 12?
True
Is 82 a factor of 3280?
True
Is 1250 a multiple of 183?
False
Is 4 a factor of 264?
True
Is 9 a factor of 1829?
False
Is 5 a factor of 14103?
False
Is 29522 a multiple of 15?
False
Is 21 a factor of 2784?
False
Does 35 divide 5250?
True
Is 5992 a multiple of 10?
False
Is 50 a factor of 2050?
True
Is 711 a multiple of 16?
False
Is 896 a multiple of 56?
True
Is 1668 a multiple of 9?
False
Does 5 divide 680?
True
Does 20 divide 280?
True
Is 66 a multiple of 6?
True
Is 31 a factor of 1429?
False
Is 105 a factor of 22558?
False
Does 74 divide 62160?
True
Is 8 a factor of 695?
False
Is 22 a factor of 2112?
True
Is 5 a factor of 1261?
False
Does 68 divide 625?
False
Does 19 divide 948?
False
Is 3981 a multiple of 22?
False
Is 32 a factor of 74848?
True
Does 7 divide 1006?
False
Is 6 a factor of 2927?
False
Does 36 divide 6558?
False
Does 52 divide 5408?
True
Is 22680 a multiple of 24?
True
Does 33 divide 28974?
True
Does 3 divide 1635?
True
Is 42332 a multiple of 38?
True
Does 3 divide 14269?
False
Does 180 divide 1800?
True
Does 23 divide 732?
False
Is 238 a factor of 14518?
True
Is 3744 a multiple of 18?
True
Is 19 a factor of 3029?
False
Is 186 a multiple of 15?
False
Is 12 a factor of 7272?
True
Is 1142 a multiple of 11?
False
Is 38380 a multiple of 19?
True
Is 62 a multiple of 57?
False
Is 140 a multiple of 20?
True
Does 364 divide 41670?
False
Is 263 a multiple of 38?
False
Is 11 a factor of 352?
True
Does 9 divide 9?
True
Is 728 a multiple of 14?
True
Is 34 a factor of 5762?
False
Is 29 a factor of 4031?
True
Does 12 divide 420?
True
Does 7 divide 7963?
False
Is 7 a factor of 420?
True
Is 2600 a multiple of 25?
True
Does 220 divide 23760?
True
Does 28 divide 13636?
True
Is 23030 a multiple of 47?
True
Is 24545 a multiple of 9?
False
Does 10 divide 1390?
True
Does 145 divide 46987?
False
Is 189 a factor of 13779?
False
Does 19 divide 1354?
False
Is 32 a factor of 17536?
True
Is 32 a factor of 147864?
False
Does 23 divide 46?
True
Does 14 divide 434?
True
Is 11 a factor of 2614?
False
Is 16973 a multiple of 21?
False
Does 19 divide 353?
False
Is 10099 a multiple of 27?
False
Is 6 a factor of 1342?
False
Is 8 a factor of 961?
False
Is 14025 a multiple of 18?
False
Does 9 divide 5661?
True
Is 9676 a multiple of 17?
False
Is 85 a factor of 3249?
False
Is 12 a factor of 1562?
False
Is 10 a factor of 1690?
True
Does 17 divide 495?
False
Does 7 divide 252?
True
Does 20 divide 1662?
False
Is 170 a factor of 19720?
True
Is 9 a factor of 612?
True
Does 384 divide 44160?
True
Is 22 a factor of 4950?
True
Does 13 divide 13208?
True
Is 78432 a multiple of 10?
False
Is 1922 a multiple of 4?
False
Is 91 a factor of 728?
True
Does 128 divide 74184?
False
Is 7 a factor of 7224?
True
Is 447 even?
False
Does 4 divide 6107?
False
Is 28 a factor of 5656?
True
Is 39 a factor of 663?
True
Is 65 a factor of 569?
False
Does 11 divide 1359?
False
Is 108 a multiple of 2?
True
Does 56 divide 22921?
False
Is 38207 a multiple of 7?
False
Is 200 a multiple of 10?
True
Is 98 a factor of 2058?
True
Is 468 a multiple of 39?
True
Is 20 a factor of 940?
True
Does 37 divide 3758?
False
Is 33810 a multiple of 35?
True
Does 67 divide 2514?
False
Is 3483 a multiple of 10?
False
Does 52 divide 2600?
True
Does 8 divide 371?
False
Does 50 divide 1567?
False
Is 96996 a multiple of 94?
False
Is 27 a factor of 2619?
True
Is 41 a factor of 1148?
True
Is 20453 a multiple of 36?
False
Is 53 a factor of 902?
False
Is 9699 a multiple of 53?
True
Is 17 a factor of 23581?
False
Is 46 a factor of 368?
True
Does 42 divide 1562?
False
Is 10 a factor of 6930?
True
Is 847 a multiple of 13?
False
Is 11 a factor of 589?
False
Is 1072 a multiple of 4?
True
Is 99 a factor of 4158?
True
Does 5 divide 3240?
True
Does 4 divide 225?
False
Is 1768 a multiple of 27?
False
Does 109 divide 5416?
False
Does 18 divide 342?
True
Does 20 divide 4340?
True
Is 3894 a multiple of 58?
False
Is 19108 a multiple of 242?
False
Is 22 a factor of 192?
False
Is 11 a factor of 1947?
True
Does 92 divide 8194?
False
Is 1368 a multiple of 3?
True
Is 890 a multiple of 10?
True
Is 520 a multiple of 4?
True
Does 27 divide 1978?
False
Does 8 divide 336?
True
Is 4 a factor of 149?
False
Is 888 a multiple of 37?
True
Does 128 divide 2432?
True
Does 47 divide 1645?
True
Is 566 a multiple of 2?
True
Is 8 a factor of 264?
True
Is 2158 a multiple of 75?
False
Is 23 a factor of 704?
False
Is 6 a factor of 32226?
True
Is 18 a factor of 65427?
False
Is 11280 a multiple of 8?
True
Is 24 a factor of 7176?
True
Is 24 a multiple of 7?
False
Does 71 divide 6319?
True
Is 8 a factor of 1013?
False
Does 12 divide 26503?
False
Is 5 a factor of 345?
True
Is 24510 a multiple of 14?
False
Does 18 divide 1494?
True
Is 29212 a multiple of 218?
True
Is 56 a factor of 3360?
True
Is 11 a factor of 15285?
False
Is 14 a factor of 1638?
True
Does 67 divide 13266?
True
Is 362 even?
True
Is 4 a factor of 444?
True
Is 1886 a multiple of 46?
True
Is 15 a factor of 2700?
True
Is 153 a multiple of 63?
False
Is 244 a multiple of 5?
False
Is 6 a factor of 1707?
False
Does 39 divide 48984?
True
Is 2545 a multiple of 13?
False
Does 7 divide 6904?
False
Does 9 divide 3412?
False
Is 1087 a multiple of 21?
False
Is 1920 a multiple of 48?
True
Is 33 a factor of 264?
True
Is 6 a factor of 3089?
False
Is 822 a multiple of 3?
True
Is 233 a factor of 11808?
False
Does 33 divide 1168?
False
Is 6 a factor of 201?
False
Does 19 divide 1383?
False
Is 443 a multiple of 15?
False
Is 968 a multiple of 88?
True
Does 3 divide 534?
True
Does 15 divide 3146?
False
Is 62 a factor of 1488?
True
Is 1590 a multiple of 106?
True
Is 7 a factor of 11447?
False
Is 6 a factor of 2064?
True
Is 19 a factor of 468?
False
Does 54 divide 13051?
False
Does 9 divide 49